0
What is the highest common factor of 181573470 and 2340?
1170
What is the greatest common factor of 33836682 and 1254?
1254
Calculate the greatest common divisor of 906081 and 726.
33
Calculate the greatest common divisor of 1780 and 145668970.
890
Calculate the greatest common divisor of 9247263 and 4797.
123
Calculate the greatest common divisor of 31457548 and 296.
148
What is the greatest common factor of 4488994 and 55438?
106
Calculate the highest common divisor of 14 and 323171548.
14
What is the highest common factor of 99235422 and 284?
142
What is the highest common factor of 2649229850 and 68?
34
What is the highest common divisor of 12 and 175081132?
4
Calculate the highest common divisor of 450496 and 113984.
64
Calculate the greatest common factor of 1628548 and 1700.
4
Calculate the highest common factor of 4 and 203401316.
4
Calculate the greatest common factor of 8974800 and 774.
18
Calculate the highest common factor of 225635835 and 2471.
353
Calculate the greatest common factor of 83 and 5239707.
83
What is the highest common divisor of 64517 and 192955?
149
What is the highest common divisor of 19290098 and 74?
74
What is the greatest common factor of 116587 and 35812485?
5069
Calculate the greatest common divisor of 620447 and 123281.
2021
What is the highest common factor of 8004839 and 296?
37
Calculate the greatest common factor of 101830 and 1042.
2
Calculate the highest common divisor of 2044 and 894104.
292
What is the highest common factor of 21 and 61658457?
21
What is the greatest common divisor of 1919008 and 80?
16
What is the highest common factor of 988 and 41248772?
76
Calculate the greatest common factor of 172968 and 447.
3
What is the greatest common divisor of 204 and 478428?
12
What is the highest common divisor of 1400 and 1799675?
25
What is the greatest common divisor of 15021950 and 40?
10
What is the greatest common divisor of 8172 and 5836?
4
Calculate the highest common factor of 3085313 and 74613.
1309
What is the highest common factor of 48142088 and 232?
232
Calculate the highest common factor of 59064 and 50724.
12
Calculate the greatest common divisor of 5487008 and 24.
8
What is the greatest common factor of 35 and 1076225?
5
Calculate the highest common factor of 29090187 and 20188.
721
Calculate the greatest common factor of 3668464 and 204.
68
Calculate the highest common divisor of 79859274 and 20820.
2082
Calculate the greatest common factor of 671629617 and 54.
27
Calculate the greatest common factor of 121389 and 977433.
129
What is the highest common factor of 63 and 5614161?
21
Calculate the greatest common divisor of 994 and 270155426.
142
What is the highest common factor of 144665 and 3915?
5
What is the greatest common divisor of 33004779 and 129?
129
What is the greatest common factor of 3402 and 502767?
243
Calculate the greatest common divisor of 13988526 and 12.
6
What is the highest common factor of 12328067 and 134?
67
Calculate the highest common factor of 59985769 and 74.
37
What is the highest common factor of 886444 and 208?
52
What is the highest common divisor of 3131329 and 19?
1
Calculate the highest common factor of 1735101 and 691.
691
Calculate the highest common divisor of 121874364 and 180.
36
What is the greatest common divisor of 39378 and 7374?
6
Calculate the greatest common factor of 8913 and 19495702.
2971
Calculate the highest common factor of 8071329 and 959.
7
What is the highest common factor of 799576 and 129762?
178
What is the greatest common factor of 44610435 and 495?
45
What is the highest common factor of 45155 and 84535?
55
Calculate the highest common factor of 204 and 100929516.
12
Calculate the greatest common divisor of 20556 and 227701096.
2284
What is the greatest common divisor of 550 and 2977502?
22
What is the greatest common divisor of 476385 and 3864?
21
What is the greatest common divisor of 11 and 32344807?
11
What is the greatest common divisor of 907800 and 1244220?
5340
What is the greatest common factor of 54240 and 21540?
60
What is the greatest common divisor of 187578 and 2263176?
306
Calculate the greatest common divisor of 2178 and 5945819.
121
What is the highest common divisor of 1204860 and 39?
3
What is the greatest common divisor of 6 and 1722634?
2
Calculate the highest common divisor of 5870448 and 148336.
2032
What is the greatest common factor of 448 and 62769952?
224
Calculate the highest common factor of 125648001 and 1446.
723
Calculate the highest common factor of 22321386 and 27.
27
Calculate the highest common factor of 847868 and 29738772.
7924
What is the greatest common divisor of 41608 and 420538?
1486
What is the greatest common factor of 421214688 and 64?
32
What is the highest common divisor of 56 and 9864484?
28
What is the highest common divisor of 36772 and 24820466?
634
What is the highest common divisor of 177908 and 148?
4
What is the greatest common divisor of 9424 and 529891?
19
What is the greatest common divisor of 11505938 and 6214?
478
What is the highest common divisor of 28440645 and 1515?
15
Calculate the greatest common divisor of 131788 and 231428.
188
Calculate the highest common divisor of 658563 and 441485.
349
Calculate the greatest common factor of 1185300 and 25020.
180
Calculate the highest common factor of 441706 and 10922.
254
What is the highest common divisor of 9 and 19679103?
9
Calculate the highest common divisor of 847 and 5789063.
7
What is the greatest common divisor of 903 and 640603250?
301
Calculate the greatest common factor of 496522266 and 24.
6
What is the greatest common factor of 196741926 and 36?
18
Calculate the greatest common factor of 1177443 and 15.
3
What is the greatest common divisor of 28308 and 314758?
674
What is the highest common factor of 714 and 151478262?
102
What is the highest common divisor of 60016 and 791824?
1936
What is the highest common divisor of 252634721 and 1964?
491
Calculate the greatest common divisor of 1616 and 64950474.
202
Calculate the greatest common divisor of 370069 and 278922.
203
Calculate the highest common factor of 1088 and 2091072.
64
What is the highest common divisor of 33850 and 915398780?
6770
Calculate the greatest common factor of 640 and 15191168.
128
Calculate the highest common divisor of 3901629 and 3782.
31
Calculate the highest common factor of 728996290 and 9060.
1510
Calculate the highest common divisor of 1128 and 1446648.
24
What is the greatest common factor of 1125008116 and 4148?
4148
What is the highest common divisor of 675 and 167100?
75
Calculate the greatest common factor of 31805972 and 2211.
737
Calculate the highest common divisor of 254683 and 29029.
143
What is the greatest common factor of 249800715 and 315?
45
What is the greatest common factor of 3482187984 and 9?
9
What is the highest common factor of 592935 and 420?
105
What is the highest common factor of 121260 and 6980?
20
What is the highest common factor of 187355 and 12616415?
3535
Calculate the greatest common factor of 302358 and 207457026.
13146
What is the greatest common factor of 1177249920 and 90?
30
Calculate the highest common divisor of 708496 and 15248.
16
Calculate the highest common factor of 369 and 4777238.
41
What is the greatest common divisor of 17594 and 36855726?
926
What is the highest common factor of 12641068 and 11?
11
Calculate the highest common factor of 4470573 and 3494.
1747
Calculate the greatest common factor of 560 and 619568.
16
What is the highest common factor of 8 and 21974672?
8
What is the greatest common factor of 4964263 and 1362?
227
What is the highest common divisor of 11342 and 56749697?
5671
What is the highest common factor of 3382792 and 261?
29
Calculate the highest common factor of 598269510 and 20.
10
What is the highest common divisor of 343798575 and 1038?
519
Calculate the highest common divisor of 1250 and 22407250.
250
What is the greatest common divisor of 485251 and 29312?
229
What is the greatest common divisor of 112495 and 541335?
755
What is the greatest common divisor of 121866 and 96793674?
6414
Calculate the greatest common divisor of 6059439 and 9.
9
Calculate the greatest common divisor of 24 and 2173584.
24
What is the greatest common divisor of 19